5, what is -301 + -1032120?
-1032421
In base 3, what is 12022 - 20202?
-1110
In base 11, what is -95 - 54?
-139
In base 11, what is -21 + -1a83a?
-1a860
In base 15, what is -10e186 - -1?
-10e185
In base 4, what is 110310 - 1200?
103110
In base 15, what is -25 + dd9?
db4
In base 12, what is 5a3b - -55?
5a94
In base 6, what is -3 + 14451240?
14451233
In base 13, what is a - bb86?
-bb79
In base 2, what is -1001010 + 110101110010111?
110101101001101
In base 8, what is -1136216 + 3?
-1136213
In base 6, what is -2244320 + 2?
-2244314
In base 15, what is d3 + 1a0?
283
In base 6, what is 32311 - -330?
33041
In base 3, what is 102 - 212122100?
-212121221
In base 13, what is 6 - -32c2?
32c8
In base 14, what is 1003 - -23?
1026
In base 10, what is -7011 - -9?
-7002
In base 14, what is -3366d + -15?
-33684
In base 15, what is -64 - 36a0?
-3714
In base 15, what is 1152e - 2?
1152c
In base 3, what is 102002000 - 11?
102001212
In base 2, what is 100001001011 - -1000001111?
101001011010
In base 13, what is -bb78a - 4?
-bb791
In base 4, what is -313 + 3223?
2310
In base 5, what is 4001 + -22133?
-13132
In base 16, what is -7 - -9ad?
9a6
In base 9, what is -35 + 2081?
2045
In base 14, what is 14c + b43c?
b58a
In base 10, what is 231 - 30?
201
In base 15, what is 4cd8 - 7c?
4c5b
In base 4, what is -111 + -11213?
-11330
In base 12, what is -373b2 - -28?
-37386
In base 8, what is 2 - -23751?
23753
In base 16, what is 1 + 88e02?
88e03
In base 13, what is 95 + 1c935?
1c9ca
In base 9, what is -215186 + 4?
-215182
In base 4, what is 23201130 - -21?
23201211
In base 11, what is 3 - 92a?
-927
In base 4, what is 3030 - 12102?
-3012
In base 15, what is -37 - 43?
-7a
In base 4, what is 1 + -121113?
-121112
In base 13, what is -580 - 65?
-615
In base 2, what is -1000001 - -110100011001100?
110100010001011
In base 13, what is -a3 + 86b?
798
In base 8, what is -15221 - -2?
-15217
In base 5, what is -4 + 10023204?
10023200
In base 10, what is -30 - 18342?
-18372
In base 16, what is 3c - 3c87?
-3c4b
In base 9, what is 4 - 4668?
-4664
In base 2, what is -100001111000000111 - -100?
-100001111000000011
In base 14, what is c7a + 0?
c7a
In base 9, what is -1404046 - 4?
-1404051
In base 7, what is 14 + -660202?
-660155
In base 12, what is 379b40 - 5?
379b37
In base 9, what is -66112 - 5?
-66117
In base 8, what is 2142 + 7?
2151
In base 2, what is 1100 - 110010011110?
-110010010010
In base 7, what is 42224235 + 2?
42224240
In base 9, what is -6 - -502?
485
In base 14, what is -1b - d02?
-d1d
In base 4, what is -212300 - 1102?
-220002
In base 8, what is 154 + -4?
150
In base 15, what is 748e + 3?
7492
In base 2, what is 11011110100111110 + -1101?
11011110100110001
In base 4, what is 2112 + 1121?
3233
In base 8, what is -3 + -56706?
-56711
In base 15, what is -457e9 - -5?
-457e4
In base 8, what is 37371 + 3?
37374
In base 2, what is -1101010100100 + -100100011?
-1101111000111
In base 11, what is 0 + -145365?
-145365
In base 16, what is 23 - -16d1?
16f4
In base 9, what is 10701 + 0?
10701
In base 12, what is 1a - -45a?
478
In base 9, what is 228268 + -5?
228263
In base 9, what is 1145 + 13?
1158
In base 2, what is -1101001 - -1110110111?
1101001110
In base 5, what is -44 - 210300?
-210344
In base 15, what is -78a56 - -2?
-78a54
In base 13, what is -1119 - 16?
-1132
In base 5, what is 3 + 10013323?
10013331
In base 8, what is 174 + 420?
614
In base 12, what is 28 - -15271?
15299
In base 9, what is -612 - 68?
-681
In base 15, what is -2 - -41d5?
41d3
In base 4, what is 3010112 - 2?
3010110
In base 11, what is -23 + 6532?
650a
In base 3, what is -102 + 1202012000?
1202011121
In base 13, what is 39 + -402?
-396
In base 4, what is 11031101 + -12?
11031023
In base 16, what is 155c58 - 4?
155c54
In base 16, what is -4a2 - -a84?
5e2
In base 15, what is -84443 - 7?
-8444a
In base 12, what is 5 + -4ab93?
-4ab8a
In base 12, what is 0 + b23?
b23
In base 7, what is 1 + -2251004?
-2251003
In base 4, what is 131120223 - -3?
131120232
In base 6, what is -13330030 + -15?
-13330045
In base 12, what is 1280 - -11?
1291
In base 11, what is 1 - 315032?
-315031
In base 9, what is 4243 + 53?
4306
In base 5, what is -221430 + -2?
-221432
In base 9, what is 13550 - 36?
13513
In base 15, what is -a + 6ce?
6c4
In base 15, what is -477 + -11?
-488
In base 12, what is 5 + -25763?
-2575a
In base 4, what is 11 + -112201012?
-112201001
In base 14, what is -3c0abb + 3?
-3c0ab8
In base 2, what is -11110 + -10001111000000?
-10001111011110
In base 12, what is 961 + 472?
1213
In base 8, what is 700342 + 2?
700344
In base 8, what is 51213 + -7?
51204
In base 14, what is -3 - -7a63?
7a60
In base 15, what is -1 + -2652b?
-2652c
In base 4, what is -2232201 - -2?
-2232133
In base 3, what is -1122 - -212022210?
212021011
In base 9, what is 17 - -170121?
170138
In base 16, what is -fb4 + -b?
-fbf
In base 11, what is 1a63 - 206?
1858
In base 10, what is 1679 - -3?
1682
In base 6, what is -1423 + 50520?
45053
In base 15, what is 27 - -261?
288
In base 15, what is -1 - 2e615?
-2e616
In base 7, what is -44641 - 114?
-45055
In base 7, what is 240615 - -1?
240616
In base 7, what is 251 - -1242?
1523
In base 12, what is 35 - -1841?
1876
In base 10, what is 4 - -46504?
46508
In base 11, what is 408188 - -4?
408191
In base 12, what is 5 - 128313?
-12830a
In base 6, what is 255 - -42?
341
In base 16, what is 32 - -bfb?
c2d
In base 7, what is -66115341 + -5?
-66115346
In base 9, what is 21812 + -5?
21806
In base 8, what is 63 + -144405?
-144322
In base 4, what is -1 - 10130130210?
-10130130211
In base 6, what is -54145 + -142?
-54331
In base 16, what is 12 + -1f12?
-1f00
In base 5, what is -1303 - -400?
-403
In base 7, what is -14 - -431625?
431611
In base 14, what is 4 - -ac42?
ac46
In base 8, what is -11 + 45114?
45103
In base 2, what is 10101 - 1100111011110010?
-1100111011011101
In base 15, what is -3b572b - -1?
-3b572a
In base 4, what is -220003 + -210?
-220213
In base 16, what is 4 + -192bd?
-192b9
In base 15, what is 0 - d47b3?
-d47b3
In base 2, what is -1101001001101 + -101?
-1101001010010
In base 9, what is -88035 + -2?
-88037
In base 6, what is 13 - -3555?
4012
In base 15, what is -2 + 13473a?
134738
In base 6, what is -52434000 + 2?
-52433554
In base 4, what is -10103133 - 10?
-10103203
In base 7, what is -2312 + 40?
-2242
In base 9, what is -41 + -3615?
-3656
In base 6, what is -13204 - -2?
-13202
In base 13, what is -56 + 9115?
908c
In base 16, what is 1011 - -2?
1013
In base 11, what is 21 - 84a?
-829
In base 5, what is -10433 - -4322?
-1111
In base 5, what is 142342 - -12?
142404
In base 12, what is 61862 - -4?
61866
In base 5, what is 20340 - 4142?
11143
In base 4, what is -31210301200 - -10?
-31210301130
In base 8, what is -5 - -1355011?
1355004
In base 6, what is 44453342 - 2?
44453340
In base 4, what is 102 + -10111020?
-10110312
In base 5, what is 4310 - 221?
4034
In base 12, what is 4 - -106757?
10675b
In base 6, what is -150533 + -1?
-150534
In base 6, what is 2143 + -135?
2004
In base 16, what is 2 - 86cfc?
-86cfa
In base 15, what is -4ec - -9d?
-44e
In base 7, what is 3 + 53562?
53565
In base 12, what is -25a6a + 3?
-25a67
In base 3, what is 12110222101 + -1?
12110222100
In base 3, what is -12 + -1000010211?
-1000011000
In base 6, what is 524545 - -2?
524551
In base 7, what is -42 - 351006?
-351051
In base 7, what is -235053 + -5?
-235061
In base 16, what is -10 + -9c2?
-9d2
In base 5, what is 1 + 2313414?
2313420
In base 9, what is -40 - 3071?
-3121
In base 11, what is -7578 + -18?
-7595
In base 5, what is 14030 - -301?
14331
In base 16, what is -47d + 25?
-458
In base 2, what is -111010110010001 - 11?
-111010110010100
In base 15, what is ac - -8a3?
960
In base 16, what is -b8 - -2?
-b6
In base 10, what is 1754 - -86?
1840
In base 2, what is -100 + -1001111010001001?
-1001111010001101
In base 4, what is -302002323 - 2?
-302002331
In base 3, what is 2202 - -111?
10020
In base 15, what is -1 - 6274?
-6275
In base 12, what is -28 - -1b11?
1aa5
In base 7, what is 132442 - 4?
132435
In base 8, what is 13 + -36720?
-36705
In base 12, what is -58 + -1b?
-77
In base 12, what is 5 - -1639?
1642
In base 5, what is 411 + 210?
1121
In base 10, what is 11702 - -30?
11732
In base 5, what is -1221 - -13403?
12132
In base 6, wh